t) = 2*t**3 + 5*t**2 + 9*t + 8. Let a be x(-3). List the prime factors of o(a).
2, 3
Let b be 5/(-18 + 3)*-174. Suppose -3*l - 4*n = -b + 24, -4*n = -4. Suppose l*u - 11*u = -251. What are the prime factors of u?
251
Suppose -132 = 2*v - 36. Let g = v - -54. Suppose g*l - 2*l = 508. What are the prime factors of l?
127
Suppose 2*n + 273 = -2*z - 335, -2*z - 611 = -n. Let f = z - -528. List the prime factors of f.
223
Suppose -8*y - 95 = 9. Let c(a) = -a**3 - 11*a**2 + 14*a - 8. List the prime factors of c(y).
2, 37
Let y be (-55)/20*(-3 - 1). Let q(k) = 3*k**2 - k - 7. Let m be q(y). Let x = m - 231. What are the prime factors of x?
2, 3, 19
Let a = -153 - -152. List the prime factors of 375 - ((2/a)/(-1))/2.
2, 11, 17
Let x = -3904 - -9068. What are the prime factors of x?
2, 1291
Let l = -34 + 22. Let y be (-10 - l)*(-1)/(1/(-1)). List the prime factors of ((-130)/4)/(-5)*(4 + y).
3, 13
Let r be -3 + (-48)/(-20) + (-6)/15. List the prime factors of r + 2 + -2 + 152.
151
Let c(w) = -w**3 + 3*w**2 + w - 2. Let y be c(3). Suppose -5*z - y = -4*u, 4*u = -3*z - 6 - 1. List the prime factors of (-966)/(-12) - u/(-2).
2, 5
Let x be (321/6 - 1)*98/(-147). List the prime factors of 5/(x/(-12824)) - 9.
1823
Let h(t) be the first derivative of -t**2/2 - 17*t - 17. Let l be h(-18). Suppose 5*b - 2*p = 72, 0 = -2*b + p - l + 29. List the prime factors of b.
2
Suppose 5*c = 4*t + 1085, t + 104 + 167 = c. Let v = 621 - t. What are the prime factors of v?
3, 11
Suppose 3*v - 9 = 3, 2*y = -3*v + 32. Suppose 21*j - 22 = y*j. Suppose 5*t + 4*g = 1263, t = 5*t - j*g - 1000. What are the prime factors of t?
251
Suppose 10 + 10 = 4*n, 2*n = 4*t - 1514. Let k = t - 281. What are the prime factors of k?
2, 5
Let f be (-4 + 1 + -2 - 13)/2. What are the prime factors of (-2)/6*f*(189 - 1)?
2, 3, 47
Suppose 0 = 2*r, 4*c + 2*r + 2 = 5*c. Suppose f - 77 = -o + c*f, f = 5*o - 369. What are the prime factors of 2 + o + (-2)/(-2)?
2, 19
Let n = -3440 - -9730. List the prime factors of n.
2, 5, 17, 37
Let g(n) = 26*n - 70. Suppose -6*p = -49 - 11. What are the prime factors of g(p)?
2, 5, 19
Let w = -18 - -20. Suppose -w*d + 3*d = 2*n - 680, 2*d = -n + 335. List the prime factors of (n/(-15))/((-7)/35).
113
Let u be 17 + -13 - 1*62. Let v = 243 + u. List the prime factors of v.
5, 37
Suppose 7*f - 10*f - 19 = -u, -3*f = -4*u + 40. Suppose -l = -r - u, -l + 6*l = 4*r + 31. What are the prime factors of l?
3
Let l(n) = 6*n**3 - 6*n**2 + n + 5. Let p = -166 - -170. What are the prime factors of l(p)?
3, 11
Let d be 3/((2/12)/(6/27)). Suppose o - 128 = d*a, 2*o - a - 163 - 100 = 0. List the prime factors of o.
2, 3, 11
Suppose -3*z - z - 112 = 0. Let r(y) = -2*y**2 + 18*y - 36. Let h be r(8). Let j = h - z. What are the prime factors of j?
2
Suppose 6*y - 84394 = -35*y + 241474. What are the prime factors of y?
2, 1987
Suppose 5*q = -3*s + 90893, 2*q = s + 17802 + 18553. What are the prime factors of q?
2, 61, 149
Let c(s) = s**3 + s**2 + 3*s + 3. Let k be c(0). Suppose -22*x + k*m - 3120 = -26*x, -3*x + 2340 = m. What are the prime factors of x?
2, 3, 5, 13
Let r(f) = f - 1. Let c(v) = 34*v + 30. Let b(g) = c(g) - 6*r(g). Let t be b(13). Suppose -8*k - t = -12*k. What are the prime factors of k?
2, 5
Suppose 31 = 5*d + 4*u - 38, -2 = -2*u. What are the prime factors of (-13)/(d/(-44)) - 4?
2, 5
Suppose -m + 3*b + 15 = 0, -m + 4*b = -0*b - 19. Let v(x) = -2*x**2 - 5*x + 10*x - 28*x**m + 1 + 6*x**2. List the prime factors of v(-2).
3, 7, 11
Suppose 3*g - 30 - 9 = 0. Let u = 23 + g. List the prime factors of (27/6)/(3/u).
2, 3
Let p = -97 - -163. Suppose -11*o + p = -0*o. List the prime factors of o.
2, 3
Suppose 127*h - 323432 = 118*h + 4*q, q = -2. What are the prime factors of h?
2, 1123
Let f = -121 + 116. Let u be f + (53 - -4) + 0. Let z = u + -33. List the prime factors of z.
19
Let x(r) = 319*r + 2077. What are the prime factors of x(-4)?
3, 89
List the prime factors of (15/(-5) - 2) + (1561 - 28).
2, 191
Let v be 3/1*(456/18)/2. List the prime factors of 152/v - (-6)/2*315.
13, 73
Suppose 26*x = 261 + 415. Suppose 3*f + 3926 = 4*w, -x*f - 10 = -21*f. What are the prime factors of w?
2, 5, 7
Suppose 305*p = 299*p - 3192. What are the prime factors of (3/12)/((-19)/p)?
7
Let a(f) = f + 12. Let k be a(-19). What are the prime factors of 7167/(-42)*-2 - (-2)/k?
11, 31
Suppose -20*j = -21*j + 4*t + 870, -3426 = -4*j - 2*t. Suppose -j = -5*q - 4*o, 2*o = -q + 6*q - 846. What are the prime factors of q?
2, 5, 17
Let s be (-1)/(-3) - 2/6. Suppose -6*i + 3*i = s. Suppose -53*l + 49*l + 424 = i. List the prime factors of l.
2, 53
Suppose 8 = w + 4. Suppose 3*b - 19 = 5*n, 6 = -4*n + w*b - 6. What are the prime factors of (-291)/(n/10*3)?
2, 97
Let u = -17 - -18. Let j(z) = -34*z**2 + 2*z - 1. Let d be j(u). What are the prime factors of (12/(-22))/3 + (-3240)/d?
2, 7
Let g be 10446/4*(30/(-9))/(-5). Suppose d = -w + g, -w + 6968 = 4*d + w. List the prime factors of d.
3, 7, 83
Suppose -42*p - 132353 + 462261 = -111680. List the prime factors of p.
2, 7, 751
What are the prime factors of 6/24*(158335/20 + (-3)/4)?
1979
Suppose g + 1666 = 3*x + 4694, 4*g + 2*x - 12084 = 0. What are the prime factors of g?
2, 1511
Suppose -3*k = o - 10, -3*k + 7*k = -3*o + 10. Suppose 552 = 5*a + q + 45, k = 2*q. Let i = 179 - a. List the prime factors of i.
2, 3, 13
Suppose -569*w = -581*w + 585612. List the prime factors of w.
3, 16267
Let k(b) = 4*b**2 + 3*b - 39. Let a be k(-11). Suppose 14*c = 13*c + a. What are the prime factors of c?
2, 103
Suppose -368157 = -31*y - 122885. What are the prime factors of y?
2, 23, 43
Suppose 82*b = 395033 + 473429. List the prime factors of b.
7, 17, 89
Suppose 2*o + 5*g + 12257 = 90773, -4*o - g + 157086 = 0. What are the prime factors of o?
3, 13, 19, 53
Suppose 504 = 18*g + 3*g. Let k(h) = -h**3 + 25*h**2 - h + 67. List the prime factors of k(g).
619
Let y(r) = 156*r**3 + r**2 + 2*r - 3. Let u be y(1). List the prime factors of 1585/4 + u/208.
397
Let w(n) = -33*n**3 + n**2 - 32*n - 184. What are the prime factors of w(-5)?
2, 2063
List the prime factors of ((-34)/(-10) - 1)/(334/366565).
2, 3, 439
Suppose -3641*u + 3624*u = -83623. List the prime factors of u.
4919
Suppose -2*y + 16 - 1 = -n, n = 3*y - 21. Suppose 0 = 4*k - 2*m - 4728, -y*k + 1192 = -5*k - 3*m. List the prime factors of k.
2, 5, 59
Let u(a) = 41*a - 21. Let j = -129 - -133. Let v be 147/28 - 1/j. What are the prime factors of u(v)?
2, 23
List the prime factors of (-280)/(-13 + 11) - 1.
139
Let v(w) be the third derivative of 0 - 1/120*w**6 + 1/6*w**5 + 0*w - 5/24*w**4 - w**2 - 1/3*w**3. What are the prime factors of v(9)?
2, 17
Suppose 5*r = 5*u - 4*u + 62072, 0 = 3*r - 2*u - 37246. List the prime factors of r.
2, 3, 2069
Let r(b) = 1188*b - 2727. Let h(s) = -54*s + 124. Let d(m) = -45*h(m) - 2*r(m). List the prime factors of d(12).
2, 3, 29
Let g(r) = -65*r + 22*r - 16 + 6*r**2 + 23*r + r**2 + 24*r. Let m = -5 + 10. List the prime factors of g(m).
179
Let j(y) = 10*y**2 + 4*y + 7. Let d be j(-2). List the prime factors of 9724/d + (-4)/(-6).
2, 5
Let i = 143 + 302. Let g = -178 + i. What are the prime factors of g?
3, 89
Suppose -34*x = -0*x - 32745 + 7109. List the prime factors of x.
2, 13, 29
Let r = -97 - 102. Let u = r - -328. What are the prime factors of u?
3, 43
Suppose -2*l = 0, -2565 + 756 = -3*y - 4*l. Let m = -175 + y. List the prime factors of m.
2, 107
Suppose l + 10184 = 6*a - 2*a, 4*a + l - 10176 = 0. What are the prime factors of a?
5, 509
Let t = -77 + 87. Let l = -43 - t. Let m = l - -59. List the prime factors of m.
2, 3
Let y be -1 + 112/4 - 2. Let d = 28 - y. Suppose -2*l - 5*h + 130 = 0, -2*h - 130 = l - d*l. List the prime factors of l.
5, 13
Let s(d) = 27*d**2 + 196*d + 4130. What are the prime factors of s(-25)?
5, 3221
Suppose 22*j = 10840 - 4812. List the prime factors of j.
2, 137
Suppose 2*j = -d + 3901, -4*d = -9*d + 5. List the prime factors of j.
2, 3, 5, 13
Suppose -r + 6622 = 4*j - 3*r, 5*r - 8285 = -5*j. Suppose -5*z - 3*m + j = 0, 8*m - 3*m + 15 = 0. Let h = z - 208. List the prime factors of h.
5
Let s = 103345 + -57659. What are the prime factors of s?
2, 53, 431
Let l(q) = 37*q**3 - 3*q**2 + 12*q. Let t be l(5). Suppose -66*u + 76*u = t. List th